046/(-264)?
3
Let r(l) = 266*l - 5. Let y be r(1). Suppose -3*f + y - 6 = 0. Let z = 10 + f. What is the units digit of z?
5
Suppose 37*q = 8*q + 3862800. What is the tens digit of ((-2)/(-6))/(100/q)?
4
Suppose -6*f = f. Suppose -4*n - w = -3*n - 430, -5*n - 2*w + 2156 = f. What is the tens digit of n?
3
Suppose -10*g + 62 + 248 = 0. Let y = g - -224. Suppose -3*q - 3*t + y = 0, t = -3*q - 0*q + 251. What is the tens digit of q?
8
What is the thousands digit of ((-3)/4)/(-3) - (2405575/(-100) + 26)?
4
Let t(m) = 9*m + 57. Let p be t(-6). Suppose 6*v - 12 = p*v. Suppose d + 4*d + 820 = 5*k, v = 2*d. What is the tens digit of k?
6
Suppose u + 13544 = 2*s, -5*u - 36697 + 2822 = -5*s. What is the tens digit of s?
6
Let s be (-1 + 712)*(6 + 80/(-15)). Suppose -s = -10*d + 1006. What is the units digit of d?
8
Let c(h) = -11*h + 17. Let v be c(3). Suppose 3*d = l + l - 95, -l = 4*d + 112. Let m = v - d. What is the units digit of m?
3
What is the units digit of 54657 - (36/14 - 312/546)?
5
Suppose 472 = -2*l - 564. Let n = l + 1349. What is the units digit of n?
1
Let l(m) be the first derivative of -m**4/2 - 8*m**3/3 - 5*m**2/2 - 6*m - 168. Let t be (-2)/(0 - 6/(-15)). What is the units digit of l(t)?
9
Suppose 63*x - 62*x - 3*n - 5537 = 0, 0 = 5*x - 4*n - 27630. What is the units digit of x?
2
Suppose -29*t - 5*u = -27*t + 9, -u = -3*t - 39. Let f = 275 - t. What is the units digit of f?
7
Let j = 113 - 111. Suppose 0 = -5*p + j*b + 2695 + 2840, 4*p - 5*b = 4411. What is the tens digit of p?
0
Suppose 206*r - 12132 = 37162 - 9742. Suppose 0 = -z - 3*z - 8, -362 = -4*m - z. Let u = r - m. What is the tens digit of u?
0
Suppose -60 + 176 = -4*g. Let h = -38 - g. What is the units digit of (-9)/(324/(-1360)) - 2/h?
8
Let g(r) = r**3 + 47*r**2 + 103*r - 441. What is the thousands digit of g(-35)?
0
Let x(y) = 5*y - 5. Let c be x(-2). What is the hundreds digit of 2 + c/12 + 4959/12?
4
Suppose -29 = 6*s - 107. Suppose -8*b + 2*k = -s*b + 507, -5*b - 4*k = -509. What is the units digit of b?
1
Suppose 150*v - 582280 = 25*v + 565470. What is the thousands digit of v?
9
What is the tens digit of (736/(-6))/((-987)/4860 + (-6)/(-30))?
4
Suppose -22*i = -23*i - 2*f + 12356, -i + f + 12362 = 0. What is the thousands digit of i?
2
Let v = 14566 - 6949. What is the hundreds digit of v?
6
Let b(m) = -m**3 + 7*m**2 + 4*m - 6. Let r be b(7). Suppose r*c - 18*c = 596. Let a = c - 76. What is the units digit of a?
3
Let k be ((-6)/(-6))/((-2)/6*1). Let i be 4 + k - -3*5. Suppose -l + 25 + i = 0. What is the tens digit of l?
4
Suppose l = 5*d + 4, 5*d = l - 4*l + 12. Suppose 3*b + 6 = 3*r - 9, d = -4*r - b - 5. Suppose -5 = -t, r*t = -4*k + 2*t + 494. What is the units digit of k?
6
Suppose b - 15 = -3*u, -b + 34 = 5*u + 11. Suppose 0*g = u*r + g - 20, 2*g = 8. Suppose -2*j + r*h - 5*h = -217, 2*j + 5*h = 205. What is the tens digit of j?
1
Let q(l) = -3*l + 86. Let d be q(25). Suppose 8*h - d*h = -678. What is the units digit of h?
6
Let m = -22 - -41. Let y(z) = 3*z - 52. Let x be y(m). Suppose 0 = -x*w - 0*w + 725. What is the hundreds digit of w?
1
Let p = 69 + -65. Suppose y - 4*s = 4*y - 13, 5*y = p*s + 11. What is the tens digit of ((-84)/(-5) + -1)/(y/15)?
7
Suppose 4*z - 15609 - 757 = 2*y, 2*z = -y + 8177. Suppose 874 - z = -8*s. What is the units digit of s?
2
Let r be (-135)/(-72) - (66/(-16) - -4). What is the tens digit of r/(-4)*(56 + -3578)?
6
Let h(l) be the first derivative of l**4/4 - 2*l**3/3 - 3*l**2 + 4*l - 2. Let o(m) = -m + 1. Let r be o(-3). What is the tens digit of h(r)?
1
Suppose -11*k - 5*y = -12*k + 2611, -4*y = k - 2584. What is the hundreds digit of k?
5
Let b(c) = 3*c + 10. Let s be b(-4). Let l be (0 - (-84)/(-8))*s. What is the hundreds digit of (3 + -132)*(-7)/(l/4)?
1
Let a(z) = -5*z**2 - 155*z - 26. What is the units digit of a(-15)?
4
Let p(r) = -3*r - 23. Let y be p(-13). Suppose -2*f = 6*f - y. What is the units digit of (-1 + 164)/((0 - f) + 3)?
3
Suppose -3*k + 65 = -22. Suppose -6*i - k = -5*i. Let b = 77 + i. What is the tens digit of b?
4
What is the tens digit of 4538340/260 - (32/(-56) + (-66)/(-91))?
5
Let z(n) = -n**3 + n**2 - 3*n + 11. Let p be z(-6). Suppose 3*j + p - 35 = 0. Let l = 142 + j. What is the tens digit of l?
6
Suppose 22*d - 8716 + 42730 = 315922. What is the tens digit of d?
1
Let q(w) = w**2 - 9*w + 7. Let o be q(8). Let v(s) be the third derivative of 5*s**5/2 + s**4/8 + s**3/3 + 17*s**2. What is the tens digit of v(o)?
4
Let r = 43515 + -25124. What is the hundreds digit of r?
3
Suppose 0 = 153*p - 142*p - 55594. Suppose 3928 = 9*y - p. What is the units digit of y?
8
Let y(o) = -95*o - 732. What is the thousands digit of y(-41)?
3
Suppose 0 = -4*h + 57 - 45. Suppose 0 = -5*x + 2*t + 5954, 5*x - h*t - 5948 = t. What is the units digit of x?
2
What is the thousands digit of ((-1)/(-1) - 6/(-12))*14454470/435?
9
Let z = 3402 - 3000. What is the tens digit of z?
0
Let y = -197 + 135. Let u = -142 - y. What is the tens digit of ((-3)/2)/(12/u)?
1
Suppose x + 84319 - 21274 = 2*k, 0 = -3*k - x + 94560. What is the tens digit of k?
2
What is the thousands digit of 1/(-3) - (-177545)/15 - -3?
1
Let k = 9259 - 9254. Suppose -2*q + 4*d - 6 = -7*q, -d + 9 = 5*q. Suppose q = u + k, x - 5*u = 25. What is the tens digit of x?
1
Let y(m) = -9*m**3 - m**2 - 2*m - 2. Let v be y(-2). Suppose 7*g - 5*g - 4*f = v, 36 = g - 3*f. Suppose -g*p = -32*p - 142. What is the units digit of p?
2
Let n(h) = -h**3 + h**2 + 2*h - 1. Let i be n(2). Suppose 13 = 10*r + 3*r. What is the units digit of i*r - (2 - 9)?
6
Let u = 2026 - 758. What is the units digit of u?
8
Let g be ((-4024)/(-20))/(16/40). Let i = 623 - g. What is the tens digit of i?
2
Let i(r) = -10*r + 72. Let m be ((-4)/(-2) - 12)*6/(-15). What is the tens digit of i(m)?
3
Let f(k) = 6*k + 10. Let a be f(-1). Suppose -a*p + 994 = -10. What is the tens digit of p?
5
Suppose 3*r = -2*b - 2*r + 15, 0 = -5*b + 5*r - 15. Suppose 5*m = -b*z + z - 174, -5*z = -4*m - 786. What is the tens digit of z?
5
Suppose 17*t = -39*t + 23233 + 916335. What is the units digit of t?
8
What is the ten thousands digit of 6704/(-4)*((-1377)/(-357))/(2/(-7))?
2
Let r = -906 + 941. Suppose r*f = -16705 + 52755. What is the thousands digit of f?
1
Suppose -2*y = 5*c - 81288, -2*c + 35836 = -3*y + 3336. What is the tens digit of c?
5
Let a(u) = -7*u - 15. Suppose -8 + 13 = -d. Let s(g) = -7*g - 15. Let b(k) = d*a(k) + 4*s(k). What is the units digit of b(8)?
1
Let x = -85 - -83. Let h be (44/(-8) - 0)/(1/x). Suppose -49 = -2*t - h. What is the tens digit of t?
1
Let n = 63807 + -42075. What is the ten thousands digit of n?
2
Let v(g) = -2*g**3 - 9*g**2 - 12*g - 5. Let r(x) = -3*x**3 - 10*x**2 - 11*x - 6. Let j(n) = 3*r(n) - 4*v(n). What is the hundreds digit of j(-6)?
3
Suppose 3*i + 4 = -0*u + 2*u, 5*i + 13 = -3*u. Let d be 0 - (-8 - (1 - i)). Suppose -792 = -0*b - d*b. What is the tens digit of b?
7
Suppose -9*w + 39081 = -23667. What is the thousands digit of w?
6
Suppose -2*l + 4*u = 10, 23*u = -3*l + 26*u - 24. Let v = l - -1205. What is the units digit of v?
4
Suppose 3*k + 2*d - 7413 = 6999, 4821 = k - 5*d. What is the thousands digit of k?
4
Let b(l) = -3*l**2 - 62*l - 18. Let q be b(-20). Suppose 21096 = q*m - 5150. What is the units digit of m?
3
Suppose -4*a - 2*l = -1798, 0 = 7*a - 2*a + 3*l - 2250. Suppose 3*i - 174 = a. What is the tens digit of i?
0
Suppose -12*d = -15*d - 3. What is the units digit of (59 + -343)*d/2?
2
Suppose 0 = 3*w + 3*h - 20061 - 33813, -5*w = -h - 89808. What is the tens digit of w?
6
Suppose -93 = 3*u - 90. What is the tens digit of u/4 - 309/(-4)?
7
Suppose 252 + 279 = 3*z - 3*h, h = 5*z - 865. What is the hundreds digit of z?
1
Suppose -119 - 46 = -15*u. Suppose -u*m + 3549 = 502. What is the tens digit of m?
7
Suppose 0 = s + 3*x + 3 + 8, 0 = -2*s - 4*x - 26. Let l(n) be the first derivative of n**4/4 + 16*n**3/3 - 21*n**2/2 - 4*n - 2. What is the tens digit of l(s)?
6
Suppose 0 = -4*j + l + 64846, 4*l - 37144 + 4748 = -2*j. What is the tens digit of j?
1
Let q = 35619 + -24054. What is the ten thousands digit of q?
1
Suppose 96*f - 86*f - 379400 = 0. Suppose -2*b = 26*b - f. What is the tens digit of b?
5
Let l be (-80)/(-30)*459/4. Let g = 70 +